{"id":383,"date":"2024-10-02T10:30:21","date_gmt":"2024-10-02T10:30:21","guid":{"rendered":"https:\/\/agronomia.ghost.uem.mz\/?page_id=383"},"modified":"2024-10-02T10:30:21","modified_gmt":"2024-10-02T10:30:21","slug":"quem-somos-2","status":"publish","type":"page","link":"https:\/\/agronomia.uem.mz\/index.php\/quem-somos-2\/","title":{"rendered":"Quem somos"},"content":{"rendered":"\t\t<div data-elementor-type=\"wp-page\" data-elementor-id=\"383\" class=\"elementor elementor-383\">\n\t\t\t\t<div class=\"elementor-element elementor-element-4b9f666 e-flex e-con-boxed e-con e-parent\" data-id=\"4b9f666\" data-element_type=\"container\">\n\t\t\t\t\t<div class=\"e-con-inner\">\n\t\t\t\t<div class=\"elementor-element elementor-element-4d546b6 elementor-widget elementor-widget-heading\" data-id=\"4d546b6\" data-element_type=\"widget\" data-widget_type=\"heading.default\">\n\t\t\t\t\t<h2 class=\"elementor-heading-title elementor-size-default\">BEM VINDOS \u00c0 CEAGRE<\/h2>\t\t\t\t<\/div>\n\t\t\t\t\t<\/div>\n\t\t\t\t<\/div>\n\t\t<div class=\"elementor-element elementor-element-4bd57b4 e-flex e-con-boxed e-con e-parent\" data-id=\"4bd57b4\" data-element_type=\"container\">\n\t\t\t\t\t<div class=\"e-con-inner\">\n\t\t\t\t<div class=\"elementor-element elementor-element-b8789a2 elementor-position-left elementor-vertical-align-top elementor-widget elementor-widget-image-box\" data-id=\"b8789a2\" data-element_type=\"widget\" data-widget_type=\"image-box.default\">\n\t\t\t\t\t<div class=\"elementor-image-box-wrapper\"><figure class=\"elementor-image-box-img\"><img decoding=\"async\" src=\"https:\/\/agronomia.uem.mz\/wp-content\/plugins\/elementor\/assets\/images\/placeholder.png\" title=\"\" alt=\"\" loading=\"lazy\" \/><\/figure><div class=\"elementor-image-box-content\"><p class=\"elementor-image-box-description\">O CEAGRE \u00e9 uma unidade da Faculdade de Agronomia e Engenharia Florestal (FAEF), da Universidade Eduardo Mondlane, vocacionada para a promo\u00e7\u00e3o do desenvolvimento agr\u00e1rio e econ\u00f3mico, a gest\u00e3o sustent\u00e1vel dos recursos naturais e a conserva\u00e7\u00e3o do meio ambiente em Mo\u00e7ambique.\n\nO CEAGRE contribui na defini\u00e7\u00e3o de politicas agr\u00e1rias, na busca de solu\u00e7\u00f5es t\u00e9cnico-cient\u00edficas necess\u00e1rias ao desenvolvimento agr\u00e1rio, na transfer\u00eancia de tecnologia e de inova\u00e7\u00f5es, assim como na melhoria da qualidade de vida das comunidades rurais, atrav\u00e9s da investiga\u00e7\u00e3o aplicada, do ensino, forma\u00e7\u00e3o e dissemina\u00e7\u00e3o e da consultoria.\n<\/p><\/div><\/div>\t\t\t\t<\/div>\n\t\t<div class=\"elementor-element elementor-element-b9d4659 e-con-full e-flex e-con e-child\" data-id=\"b9d4659\" data-element_type=\"container\">\n\t\t\t\t<div class=\"elementor-element elementor-element-19196d2 elementor-widget elementor-widget-text-editor\" data-id=\"19196d2\" data-element_type=\"widget\" data-widget_type=\"text-editor.default\">\n\t\t\t\t\t\t\t\t\t<table border=\"0\" cellspacing=\"0\" cellpadding=\"0\"><tbody><tr><td valign=\"top\" width=\"157\"><p><strong>Investiga\u00e7\u00e3o aplicada e desenvolvimento agr\u00e1rio e rural<\/strong><\/p><p>\u00a0<\/p><\/td><td valign=\"top\" width=\"445\"><ul><li>Projectos de investiga\u00e7\u00e3o aplicada, envolvendo estudos e testes de adaptabilidade de novas tecnologias agr\u00e1rias e de gest\u00e3o de recursos naturais em situa\u00e7\u00f5es\u00a0<em>on-station\u00a0<\/em>e<em>\u00a0on-farm<\/em><\/li><li>Projectos de desenvolvimento agr\u00e1rio e rurais, envolvendo diversas interven\u00e7\u00f5es de desenvolvimento agr\u00e1rio e rural, estudos de base (<em>baseline surveys<\/em>), monitoria e avalia\u00e7\u00e3o (em parceria com empresas, ONG\u2019s e sector p\u00fablico).<\/li><\/ul><\/td><\/tr><tr><td valign=\"top\" width=\"157\"><p><strong>Forma\u00e7\u00e3o e dissemina\u00e7\u00e3o de conhecimentos e tecnologias<\/strong><\/p><p>\u00a0<\/p><\/td><td valign=\"top\" width=\"445\"><ul><li>Treinos de curta dura\u00e7\u00e3o<\/li><li>Educa\u00e7\u00e3o e forma\u00e7\u00e3o profissional<ul><li>Desenvolvimento de curr\u00edculos e programas de forma\u00e7\u00e3o<\/li><li>Publica\u00e7\u00f5es e divulga\u00e7\u00e3o<\/li><\/ul><\/li><\/ul><\/td><\/tr><tr><td valign=\"top\" width=\"157\"><p><strong>Avalia\u00e7\u00e3o, invent\u00e1rios e levantamentos de base<\/strong><\/p><p>\u00a0<\/p><\/td><td valign=\"top\" width=\"445\"><ul><li>Levantamentos de base (baseline surveys)<\/li><li>Invent\u00e1rios florestais<ul><li>Avalia\u00e7\u00e3o e inventaria\u00e7\u00e3o de recursos naturais e biodiversidade<\/li><li>Avalia\u00e7\u00e3o de impactos ambientais<\/li><li>Avalia\u00e7\u00e3o de impactos de mudan\u00e7as clim\u00e1ticas<\/li><li>Levantamentos de solos, uso da terra e zoneamentos<\/li><li>Levantamentos de base socio-econ\u00f3micos (baseline surveys)<\/li><li>Diagn\u00f3sticos r\u00e1pidos rurais participativos<ul><li>Levantamentos e sistemas de monitoria sobre incid\u00eancia de pragas e doen\u00e7as<\/li><\/ul><\/li><li>Avalia\u00e7\u00e3o de riscos de pragas<\/li><\/ul><\/li><\/ul><\/td><\/tr><tr><td valign=\"top\" width=\"157\"><p><strong>Assist\u00eancia t\u00e9cnica \u00e0 produ\u00e7\u00e3o e gest\u00e3o agr\u00e1rias<\/strong><\/p><p>\u00a0<\/p><\/td><td valign=\"top\" width=\"445\"><ul><li>An\u00e1lises de solos e do estado nutricional das plantas (Laborat\u00f3rio de an\u00e1lises de solos)<\/li><li>Identifica\u00e7\u00e3o de pragas, doen\u00e7as e infestantes (Cl\u00ednica Fitossanit\u00e1ria)<ul><li>Assist\u00eancia t\u00e9cnica \u00e0 produ\u00e7\u00e3o agr\u00edcola e florestal (nas<\/li><\/ul><\/li><li>Elabora\u00e7\u00e3o de planos de produ\u00e7\u00e3o e de agro-neg\u00f3cios<\/li><\/ul><\/td><\/tr><tr><td valign=\"top\" width=\"157\"><p><strong>Avalia\u00e7\u00e3o de politicas e de programas e projectos agr\u00e1rios e de desenvolvimento rural<\/strong><\/p><p>\u00a0<\/p><\/td><td valign=\"top\" width=\"445\"><ul><li>An\u00e1lise de pol\u00edticas agr\u00e1rias, programas e planos do sector agr\u00e1rio<\/li><li>Avalia\u00e7\u00e3o de programas e projectos<\/li><li>Formula\u00e7\u00e3o, gest\u00e3o, monitoria e avalia\u00e7\u00e3o de projectos<\/li><li>Planifica\u00e7\u00e3o estrat\u00e9gica<ul><li>Organiza\u00e7\u00e3o e modera\u00e7\u00e3o de semin\u00e1rios, simp\u00f3sios e confer\u00eancias<\/li><\/ul><\/li><\/ul><\/td><\/tr><\/tbody><\/table>\t\t\t\t\t\t\t\t<\/div>\n\t\t\t\t<\/div>\n\t\t\t\t\t<\/div>\n\t\t\t\t<\/div>\n\t\t\t\t<\/div>\n\t\t","protected":false},"excerpt":{"rendered":"<p>BEM VINDOS \u00c0 CEAGRE O CEAGRE \u00e9 uma unidade da Faculdade de Agronomia e Engenharia Florestal (FAEF), da Universidade Eduardo [&hellip;]<\/p>\n","protected":false},"author":1,"featured_media":0,"parent":0,"menu_order":0,"comment_status":"closed","ping_status":"closed","template":"","meta":{"site-sidebar-layout":"no-sidebar","site-content-layout":"","ast-site-content-layout":"full-width-container","site-content-style":"default","site-sidebar-style":"default","ast-global-header-display":"","ast-banner-title-visibility":"","ast-main-header-display":"","ast-hfb-above-header-display":"","ast-hfb-below-header-display":"","ast-hfb-mobile-header-display":"","site-post-title":"disabled","ast-breadcrumbs-content":"","ast-featured-img":"disabled","footer-sml-layout":"","theme-transparent-header-meta":"","adv-header-id-meta":"","stick-header-meta":"","header-above-stick-meta":"","header-main-stick-meta":"","header-below-stick-meta":"","astra-migrate-meta-layouts":"default","ast-page-background-enabled":"default","ast-page-background-meta":{"desktop":{"background-color":"var(--ast-global-color-5)","background-image":"","background-repeat":"repeat","background-position":"center center","background-size":"auto","background-attachment":"scroll","background-type":"","background-media":"","overlay-type":"","overlay-color":"","overlay-opacity":"","overlay-gradient":""},"tablet":{"background-color":"","background-image":"","background-repeat":"repeat","background-position":"center center","background-size":"auto","background-attachment":"scroll","background-type":"","background-media":"","overlay-type":"","overlay-color":"","overlay-opacity":"","overlay-gradient":""},"mobile":{"background-color":"","background-image":"","background-repeat":"repeat","background-position":"center center","background-size":"auto","background-attachment":"scroll","background-type":"","background-media":"","overlay-type":"","overlay-color":"","overlay-opacity":"","overlay-gradient":""}},"ast-content-background-meta":{"desktop":{"background-color":"var(--ast-global-color-4)","background-image":"","background-repeat":"repeat","background-position":"center center","background-size":"auto","background-attachment":"scroll","background-type":"","background-media":"","overlay-type":"","overlay-color":"","overlay-opacity":"","overlay-gradient":""},"tablet":{"background-color":"var(--ast-global-color-4)","background-image":"","background-repeat":"repeat","background-position":"center center","background-size":"auto","background-attachment":"scroll","background-type":"","background-media":"","overlay-type":"","overlay-color":"","overlay-opacity":"","overlay-gradient":""},"mobile":{"background-color":"var(--ast-global-color-4)","background-image":"","background-repeat":"repeat","background-position":"center center","background-size":"auto","background-attachment":"scroll","background-type":"","background-media":"","overlay-type":"","overlay-color":"","overlay-opacity":"","overlay-gradient":""}},"footnotes":""},"class_list":["post-383","page","type-page","status-publish","hentry"],"_links":{"self":[{"href":"https:\/\/agronomia.uem.mz\/index.php\/wp-json\/wp\/v2\/pages\/383","targetHints":{"allow":["GET"]}}],"collection":[{"href":"https:\/\/agronomia.uem.mz\/index.php\/wp-json\/wp\/v2\/pages"}],"about":[{"href":"https:\/\/agronomia.uem.mz\/index.php\/wp-json\/wp\/v2\/types\/page"}],"author":[{"embeddable":true,"href":"https:\/\/agronomia.uem.mz\/index.php\/wp-json\/wp\/v2\/users\/1"}],"replies":[{"embeddable":true,"href":"https:\/\/agronomia.uem.mz\/index.php\/wp-json\/wp\/v2\/comments?post=383"}],"version-history":[{"count":0,"href":"https:\/\/agronomia.uem.mz\/index.php\/wp-json\/wp\/v2\/pages\/383\/revisions"}],"wp:attachment":[{"href":"https:\/\/agronomia.uem.mz\/index.php\/wp-json\/wp\/v2\/media?parent=383"}],"curies":[{"name":"wp","href":"https:\/\/api.w.org\/{rel}","templated":true}]}}